Calculate the greatest common factor of r and j.
2
Let n = -84366 + 84383. Let w be (1/1)/(2/8). Calculate the greatest common divisor of w and n.
1
Let m(b) = 3*b + 8. Let y be m(9). Suppose 0 = -3*s - 2*u + y, -4 - 1 = u. Suppose -1580 = 14*p - 1622. What is the greatest common divisor of p and s?
3
Let i be ((-95775)/80)/(1/(-4))*(-32)/(-12). What is the greatest common factor of i and 10?
10
Let o(b) = 47*b - 844. Let q be o(18). What is the greatest common factor of q and 9182?
2
Suppose 5*x - 2615 = 5*r, 9 = -r + 5. Suppose -15*u + x = 174. Calculate the highest common divisor of u and 253.
23
Let i = 4352 - 2387. What is the highest common divisor of i and 10?
5
Let v be (-3)/(-8) - 525/(-200). Let z be (-100)/v*(5 + (-65)/10). Suppose 0 = -3*j + 4*j - 20. What is the greatest common factor of j and z?
10
Suppose -151*l = -148*l - 546. What is the greatest common factor of 252 and l?
14
Let a = -9692 + 9822. Calculate the greatest common factor of 455 and a.
65
Let j = 137 - -43. Let m = -88 + j. What is the greatest common factor of 23 and m?
23
Suppose 0 = 21*d - 12*d - 27. Suppose 12*r + d*w + 90 = 17*r, 2*w = r - 18. What is the greatest common factor of r and 144?
18
Suppose -4*a - 12 = -0*a. Let x be -11*a/3*5. Let w = 73 - x. What is the highest common divisor of w and 6?
6
Suppose 2*x - 280 - 40 = 0. Let o be (-10908)/(-180) + 3/(-5). Suppose 5*q = 3*h - o, 60 = 3*h + 11*q - 6*q. Calculate the highest common factor of h and x.
20
Let r be 114/(-152)*(1312/(-12))/2. Calculate the highest common factor of 328 and r.
41
Suppose 17*t - r + 16480 = 22*t, 2*t = -r + 6592. Calculate the highest common divisor of t and 80.
16
Suppose 5*d + 0*d - 1676 = -4*z, 0 = d - z - 337. Calculate the highest common factor of d and 301.
7
Let r(p) = -p**3 + 12*p**2 + 64*p + 32. Suppose 90 + 15 = 5*u - 5*a, 2*u = -4*a + 12. Let s be r(u). What is the highest common divisor of s and 24?
8
Let r = -286 - -628. Suppose -a = -5*j - 37, -4*a + 43 = -3*j + 4*j. Let y = r - a. Calculate the highest common factor of y and 30.
30
Let c be ((-103572)/(-294))/((-5)/((-280)/6)). Calculate the highest common divisor of 72 and c.
24
Suppose -1174 + 140 = 11*w. Let z be 12/15 + w/5. Let s be ((-35)/(-10))/(0 + (-1)/z). What is the highest common divisor of 9 and s?
9
Let i = 10438 - 8174. Calculate the highest common divisor of i and 8.
8
Suppose -2*w + 702 = 2*r, w = -3*r - 215 + 1266. Let g = 181 + r. What is the highest common factor of 9 and g?
9
Let l be 1267/56*3 - 1/(24/(-3)). Calculate the highest common factor of 850 and l.
34
Suppose -23*z = -26*z + 45. Let d be (51/z + -6)*(-4 - 1). Suppose d*g + 5 = 14*g. Calculate the highest common divisor of g and 20.
5
Suppose 1362 + 663 = -15*m. Let q = m + 171. What is the greatest common divisor of q and 9?
9
Let h(s) = s - 3. Let j(t) = -1. Let q(l) = h(l) + j(l). Let v be q(8). Let f be 109/3 - 3/9. What is the highest common factor of v and f?
4
Suppose -4*y = -5*y - 3*i + 67, -8 = -2*i. Suppose 4*f = 3*f + 2*l + 13, 5*f = -l + 10. Suppose -r + 14 = f. Calculate the greatest common divisor of r and y.
11
Let h(x) = -x**3 + 21*x**2 - 52*x - 20. Let i be h(17). Calculate the highest common divisor of i and 27.
9
Let u be -7 + 4 + (-6)/(-4)*-2. Let c be u/(-27) - -147*(-16)/(-108). Calculate the greatest common divisor of c and 66.
22
Let g(o) = 2*o + 34. Let v be g(-7). Let t = 28 - v. What is the greatest common factor of t and 16?
8
Let s be 217 - (174/261 - (-1)/3). Calculate the highest common factor of 243 and s.
27
Suppose 26695 = -167*d + 186*d - 10089. What is the highest common factor of 2024 and d?
88
Suppose 3*b - 1002 = b - 4*l, 4*l - 2493 = -5*b. Suppose -2*p + 103 = -5*u - 230, 0 = -3*p + 5*u + b. Calculate the highest common factor of p and 41.
41
Suppose -4*u - 12 = 4*j, 0 = 5*u - 7*u + 5*j + 15. Suppose u = -3*f + 38 + 61. Let s be (f/2)/((-1)/(-2)). What is the greatest common divisor of 55 and s?
11
Let x(d) = 7*d - 25 + 84 - 17 + 32 + 16. Let m be x(-6). Let o = 967 - 439. Calculate the highest common divisor of m and o.
48
Let r be 273420/108 + (-4)/(-3). Calculate the highest common divisor of r and 298.
149
Suppose 44*k = -46*k + 810. What is the greatest common divisor of 12 and k?
3
Let u be 0/1 - 21/(-1). Let n be ((-18)/15*6/(-4))/(1605/29425). What is the greatest common divisor of u and n?
3
Suppose 3*v + 3*z = v - 57, -5*v - 132 = 4*z. Let h be ((-261)/4)/(9/v). Calculate the highest common factor of 58 and h.
58
Let g be ((-24)/(-9) - (-10)/6)/((-6)/(-216)). What is the greatest common factor of g and 468?
156
Let f = -3195 - -5067. Calculate the highest common divisor of f and 1296.
144
Let u = 1011 - 582. Let x(r) = r**2 + 32*r. Let y be x(-33). What is the greatest common factor of y and u?
33
Suppose -70*d + 17135 + 81205 = -10*d. Calculate the greatest common divisor of 11 and d.
11
Let u(a) = -a**2 - 4*a + 11. Let v be u(9). Let n = 171 + v. What is the highest common divisor of n and 13?
13
Suppose -3*j = 2*m - 1230, 0 = -7*j + 5*j + 3*m + 833. Suppose -71 - j = -23*r. Suppose z + 84 = 2*z. What is the highest common divisor of z and r?
21
Let z = 4128 + -3893. Calculate the highest common factor of z and 1739.
47
Suppose -2*k + 164 + 34 = 0. Suppose -120*b = -125*b + 110. What is the greatest common factor of b and k?
11
Let p = 307 + -219. Let v = 502 - 470. What is the greatest common divisor of p and v?
8
Let g(y) = -y**3 - 2*y**2 + 12*y + 28. Let n be g(-4). What is the greatest common divisor of n and 620?
4
Let i(n) = -n**2 - 47*n + 45. Let s be i(-40). Suppose 31*q = 2495 - s. What is the greatest common divisor of q and 490?
70
Suppose x + 3*x = 20. Suppose 7 = k - x*w, w + 63 = 3*k - 0*w. Let c(z) = 4*z**2 + 36*z + 136. Let r be c(-10). What is the highest common factor of r and k?
22
Let t be 5/15*6 + -1 - -2. Suppose 0 = 5*q - 2*b - t*b - 110, 2 = -q - 5*b. What is the greatest common divisor of q and 117?
9
Suppose -3*d - 3*t = -0*t - 177, 260 = 4*d - 2*t. Let a be (-16 + 80)/((-2)/6). Let z = 199 + a. Calculate the greatest common divisor of d and z.
7
Suppose x - 75 = 5*q, x - 114*q + 116*q = 82. Suppose 2*z = 4*z - 120. What is the highest common factor of z and x?
20
Let v = 120 + -185. Let u = 88 + v. What is the greatest common factor of u and 184?
23
Let s = -195 - -204. Let x = 6 - 8. Let a be (x + -10)/(-4) + 33. What is the greatest common divisor of s and a?
9
Let s be 11/((-40)/180 - (-278)/1170). Calculate the greatest common divisor of 220 and s.
55
Suppose -7*n = -123 + 39. Let d be ((-1116)/n)/(-2 - 1). What is the greatest common factor of d and 31?
31
Suppose 56 = -3*n + 155. Suppose 24 = -d + n. Suppose -2*m = -5*m + 189. Calculate the greatest common divisor of m and d.
9
Let p be -581 + (-2 - -2) - (-10 + 10). Let q = 983 + p. Suppose 3*i = -6, -3*i - q = d - 4*d. Calculate the greatest common factor of 12 and d.
12
Suppose 112*u - 232624 = 45*u. Calculate the highest common divisor of 448 and u.
112
Let b be 5 + (-74944)/(-32) + 2 + -9. What is the highest common factor of b and 270?
90
Let i(p) = 319*p - 16254. Let l be i(51). Suppose -2*k + 900 = k. Calculate the highest common factor of l and k.
15
Let q(t) = -t**3 + 207*t + 51. Let c be q(0). Let l be (-2)/(-4)*34*-2. Let d = l + 68. What is the highest common divisor of c and d?
17
Suppose -2*z - 2*z = -132. Suppose 0 = -6*t - 137 + 1061. Suppose -50*r + 57*r - t = 0. What is the greatest common divisor of r and z?
11
Let d = 291 + -16. Suppose 283*z - d*z - 48 = 0. Calculate the highest common factor of 222 and z.
6
Let b = -10248 + 10535. Suppose 3*q = 8*q + 3*u - 618, 3*q + 2*u = 371. What is the highest common factor of q and b?
41
Let u = 88 + -85. Suppose 4*i - 80 - 53 = u*g, -3*i + 100 = -2*g. Suppose 5*v - 3*v = 8, -v + 310 = 3*q. What is the highest common factor of q and i?
34
Suppose 3*y + 1019 + 572 = 5*m, -4*m = -y - 1277. Let p = -12 + m. Suppose -c + p = c. Calculate the greatest common factor of 14 and c.
14
Suppose -5*z + 169 = 2*a, 3*a - 7*a = -4*z + 124. Suppose -120 = -4*f + 196. Let m = -68 + f. Calculate the greatest common factor of m and z.
11
Suppose 17*s - 3*q = 14*s + 72, -120 = -3*s + 19*q. What is the greatest common divisor of s and 217?
7
Suppose 344